ivisor of 2082 and 3674036.
694
Calculate the highest common divisor of 58942 and 256.
2
Calculate the highest common factor of 36215 and 162700.
5
What is the highest common divisor of 71402 and 87913?
19
What is the highest common divisor of 2640905 and 95?
95
What is the greatest common divisor of 176496149 and 361?
361
Calculate the highest common divisor of 268497901 and 49.
49
Calculate the highest common factor of 447206802 and 4830.
966
What is the greatest common divisor of 8255868 and 26214?
1542
What is the greatest common factor of 236439 and 1433700?
243
Calculate the greatest common divisor of 4446750 and 4050.
150
What is the greatest common divisor of 10331806 and 222?
74
Calculate the greatest common divisor of 2673 and 22961037.
33
What is the highest common factor of 1600 and 628942400?
1600
Calculate the highest common divisor of 7579 and 951509.
689
Calculate the greatest common factor of 303177 and 27.
3
What is the highest common factor of 268887345 and 14085?
4695
What is the greatest common divisor of 162 and 2206530?
18
What is the greatest common factor of 16632804 and 120?
12
What is the highest common factor of 2294 and 1517636?
62
What is the greatest common divisor of 104876 and 91516?
668
What is the highest common factor of 185381 and 16060261?
2611
Calculate the greatest common factor of 3646 and 231723353.
1823
What is the greatest common divisor of 8252544 and 3072?
384
What is the greatest common divisor of 1812 and 52119915?
453
Calculate the highest common divisor of 10 and 128195395.
5
What is the greatest common factor of 23516978 and 296?
74
Calculate the greatest common divisor of 39232063 and 13.
13
Calculate the highest common divisor of 2007 and 7034758.
223
Calculate the highest common divisor of 23668020 and 40.
20
Calculate the greatest common divisor of 786 and 341232861.
393
What is the greatest common factor of 98 and 496577858?
98
What is the greatest common factor of 38517350 and 73085?
1555
What is the greatest common factor of 797873 and 449?
449
Calculate the highest common factor of 640125 and 17775.
225
What is the highest common factor of 493038 and 12797316?
5418
What is the highest common factor of 112 and 136169586?
14
Calculate the greatest common factor of 38621968 and 7192.
232
Calculate the highest common factor of 16401612 and 876.
12
What is the highest common factor of 567 and 412965?
189
Calculate the highest common divisor of 4174 and 57916337.
2087
Calculate the greatest common divisor of 9554 and 945549826.
9554
Calculate the greatest common factor of 1899 and 622097841.
633
What is the greatest common factor of 1790 and 46784335?
895
Calculate the highest common divisor of 131 and 29552683.
131
What is the highest common divisor of 33570975 and 34622?
2473
What is the highest common factor of 308 and 5854604?
28
What is the highest common factor of 59836410 and 90?
90
What is the greatest common divisor of 509 and 43238023?
509
Calculate the greatest common divisor of 442750 and 165.
55
Calculate the highest common divisor of 12879227 and 6617.
509
What is the highest common divisor of 4934089 and 261?
29
What is the highest common factor of 274 and 26942283?
137
What is the highest common divisor of 3595280 and 176?
16
What is the highest common divisor of 60 and 7024188?
12
What is the greatest common factor of 2725569 and 79971?
1311
Calculate the greatest common divisor of 213350 and 642560.
2510
What is the greatest common factor of 867 and 399569955?
867
Calculate the highest common factor of 11772 and 1569818.
218
What is the highest common factor of 22232 and 1854832?
56
What is the highest common divisor of 410 and 3306110?
10
Calculate the highest common factor of 12766552 and 8.
8
Calculate the highest common divisor of 1126957 and 377.
13
What is the highest common divisor of 25986 and 7897914?
366
What is the greatest common factor of 10122016 and 592?
592
What is the greatest common factor of 1505 and 29862035?
35
Calculate the greatest common factor of 9275402 and 642.
214
What is the highest common factor of 9943 and 318665?
163
What is the highest common divisor of 6361095 and 195?
195
What is the highest common factor of 1649976 and 9096?
24
Calculate the highest common divisor of 12034 and 1120256.
1094
Calculate the greatest common divisor of 360 and 60004260.
180
Calculate the highest common factor of 89067919 and 29836.
7459
Calculate the highest common factor of 35149392 and 19.
19
What is the highest common divisor of 23646 and 8820?
42
Calculate the greatest common factor of 2156 and 3432583.
77
What is the greatest common divisor of 27009541 and 13828?
3457
Calculate the greatest common divisor of 3318 and 205425122.
1106
Calculate the greatest common factor of 12 and 51787506.
6
Calculate the greatest common factor of 1063985 and 221.
13
What is the greatest common divisor of 603698 and 10?
2
What is the greatest common factor of 252 and 29772540?
252
What is the highest common divisor of 292572 and 224245?
301
What is the greatest common factor of 20524 and 11983084?
2932
What is the greatest common divisor of 4 and 6604826?
2
Calculate the highest common factor of 71450 and 18500.
50
Calculate the highest common factor of 1250 and 161579500.
250
What is the greatest common divisor of 96 and 7933720?
8
What is the highest common factor of 131815040 and 8960?
4480
Calculate the highest common factor of 1628 and 3846298.
74
Calculate the highest common divisor of 23227748 and 6.
2
Calculate the greatest common factor of 6258 and 98654092.
298
What is the highest common divisor of 19629425 and 5?
5
Calculate the greatest common factor of 809219 and 67497.
149
What is the greatest common factor of 2936 and 42481718?
734
What is the greatest common divisor of 16698 and 47792712?
1518
Calculate the greatest common factor of 312521 and 112739.
11
Calculate the greatest common divisor of 7620 and 237157260.
7620
Calculate the greatest common divisor of 649 and 1498246.
59
What is the highest common divisor of 134572 and 8505742?
3958
Calculate the highest common divisor of 18285304 and 4540.
908
What is the highest common divisor of 255 and 1242291?
3
What is the greatest common factor of 83587176 and 72?
72
What is the greatest common factor of 146428730 and 490?
70
What is the greatest common divisor of 130414336 and 23933?
3419
What is the greatest common factor of 546706949 and 61?
61
Calculate the greatest common divisor of 211 and 1982153623.
211
What is the greatest common divisor of 6 and 5577159?
3
What is the highest common divisor of 180 and 2585610?
90
Calculate the greatest common factor of 119861 and 301.
7
Calculate the greatest common factor of 3014 and 257994.
22
What is the greatest common divisor of 102737745 and 27?
9
What is the highest common factor of 122553 and 315560358?
13617
Calculate the greatest common divisor of 3000731 and 5.
1
Calculate the greatest common divisor of 7424252 and 34100.
1364
What is the highest common divisor of 334944 and 373323?
3489
What is the highest common divisor of 1020 and 18548688?
12
Calculate the greatest common factor of 5529060 and 4374.
162
Calculate the greatest common divisor of 17 and 109167251.
17
Calculate the highest common divisor of 990 and 20833692.
66
What is the highest common factor of 40053846 and 171136?
2674
What is the greatest common divisor of 286 and 28607059?
13
What is the highest common divisor of 2696972 and 3556?
508
Calculate the greatest common factor of 1708 and 116571.
427
What is the highest common divisor of 84 and 130193028?
84
What is the highest common divisor of 452970 and 89040?
210
What is the greatest common divisor of 8800 and 29915?
5
What is the greatest common divisor of 4185667 and 51523?
769
Calculate the greatest common factor of 24282891 and 27.
9
What is the greatest common divisor of 65218639 and 92?
23
Calculate the highest common factor of 9 and 428941.
1
Calculate the greatest common factor of 29069925 and 10053.
3351
What is the highest common divisor of 1713021 and 14022?
2337
What is the highest common divisor of 65183604 and 1083?
1083
Calculate the greatest common divisor of 28475205 and 517.
11
What is the highest common factor 